9173?
1
What is the hundred thousands digit of 607777?
6
What is the units digit of 1477590?
0
What is the hundreds digit of 2537578?
5
What is the hundreds digit of 9207397?
3
What is the thousands digit of 64968?
4
What is the thousands digit of 298177?
8
What is the thousands digit of 173805?
3
What is the units digit of 207520?
0
What is the ten thousands digit of 488422?
8
What is the hundred thousands digit of 912754?
9
What is the ten thousands digit of 2064418?
6
What is the hundreds digit of 830008?
0
What is the thousands digit of 35882?
5
What is the hundred thousands digit of 14890827?
8
What is the thousands digit of 4064335?
4
What is the ten thousands digit of 42205?
4
What is the tens digit of 5579536?
3
What is the ten thousands digit of 14827506?
2
What is the tens digit of 2760299?
9
What is the hundred thousands digit of 1393622?
3
What is the hundred thousands digit of 7366455?
3
What is the thousands digit of 13811228?
1
What is the tens digit of 152725?
2
What is the units digit of 152200?
0
What is the hundreds digit of 56601?
6
What is the ten thousands digit of 72022?
7
What is the thousands digit of 566907?
6
What is the ten thousands digit of 20923418?
2
What is the thousands digit of 43238?
3
What is the units digit of 3554697?
7
What is the units digit of 417?
7
What is the tens digit of 1015685?
8
What is the thousands digit of 15045122?
5
What is the millions digit of 2402547?
2
What is the ten millions digit of 18272120?
1
What is the ten thousands digit of 678852?
7
What is the thousands digit of 170424?
0
What is the ten thousands digit of 742551?
4
What is the ten thousands digit of 117346?
1
What is the units digit of 20885524?
4
What is the ten thousands digit of 795157?
9
What is the tens digit of 220447?
4
What is the units digit of 165993?
3
What is the tens digit of 4914864?
6
What is the ten thousands digit of 1995442?
9
What is the thousands digit of 3040372?
0
What is the hundred thousands digit of 30835786?
8
What is the ten thousands digit of 627933?
2
What is the tens digit of 7501007?
0
What is the hundred thousands digit of 323378?
3
What is the hundred thousands digit of 1298269?
2
What is the units digit of 168276?
6
What is the thousands digit of 2469406?
9
What is the hundreds digit of 6122891?
8
What is the millions digit of 1508852?
1
What is the units digit of 211203?
3
What is the millions digit of 1296098?
1
What is the ten thousands digit of 148998?
4
What is the tens digit of 8243837?
3
What is the thousands digit of 107015?
7
What is the ten millions digit of 11380398?
1
What is the hundreds digit of 158318?
3
What is the hundreds digit of 205281?
2
What is the millions digit of 23891137?
3
What is the thousands digit of 307070?
7
What is the tens digit of 117889?
8
What is the hundreds digit of 1321656?
6
What is the units digit of 2919839?
9
What is the ten thousands digit of 2221148?
2
What is the ten thousands digit of 53647?
5
What is the ten thousands digit of 1052545?
5
What is the units digit of 4078094?
4
What is the millions digit of 7350966?
7
What is the thousands digit of 5211066?
1
What is the thousands digit of 23007?
3
What is the hundreds digit of 311994?
9
What is the hundred thousands digit of 1219813?
2
What is the ten millions digit of 11492778?
1
What is the ten millions digit of 23452911?
2
What is the units digit of 1058703?
3
What is the ten thousands digit of 6277299?
7
What is the tens digit of 2690356?
5
What is the hundreds digit of 16428329?
3
What is the tens digit of 1631888?
8
What is the hundred thousands digit of 4482525?
4
What is the ten thousands digit of 875985?
7
What is the hundred thousands digit of 969266?
9
What is the millions digit of 12127324?
2
What is the thousands digit of 684675?
4
What is the hundreds digit of 21709470?
4
What is the ten thousands digit of 559827?
5
What is the tens digit of 44168?
6
What is the hundreds digit of 16934275?
2
What is the thousands digit of 37835079?
5
What is the units digit of 99266?
6
What is the hundreds digit of 487179?
1
What is the hundreds digit of 2512568?
5
What is the hundred thousands digit of 11155541?
1
What is the thousands digit of 397963?
7
What is the ten thousands digit of 6822409?
2
What is the hundred thousands digit of 3613851?
6
What is the units digit of 26307?
7
What is the units digit of 128142?
2
What is the units digit of 10761611?
1
What is the hundred thousands digit of 1128133?
1
What is the hundreds digit of 10423529?
5
What is the tens digit of 274905?
0
What is the units digit of 79753?
3
What is the hundred thousands digit of 738728?
7
What is the tens digit of 146864?
6
What is the thousands digit of 166180?
6
What is the hundred thousands digit of 13904420?
9
What is the tens digit of 274704?
0
What is the tens digit of 8021679?
7
What is the ten thousands digit of 242264?
4
What is the ten thousands digit of 749553?
4
What is the units digit of 771053?
3
What is the hundred thousands digit of 12807569?
8
What is the ten thousands digit of 302623?
0
What is the ten thousands digit of 285313?
8
What is the tens digit of 2739085?
8
What is the ten thousands digit of 245463?
4
What is the hundred thousands digit of 275301?
2
What is the units digit of 122401?
1
What is the ten thousands digit of 268281?
6
What is the tens digit of 27005?
0
What is the ten thousands digit of 5682820?
8
What is the ten thousands digit of 22865?
2
What is the hundred thousands digit of 175576?
1
What is the tens digit of 801285?
8
What is the hundreds digit of 845737?
7
What is the hundreds digit of 539357?
3
What is the ten thousands digit of 1878232?
7
What is the units digit of 1146770?
0
What is the ten millions digit of 19056761?
1
What is the tens digit of 556247?
4
What is the hundreds digit of 2019212?
2
What is the tens digit of 19905?
0
What is the hundreds digit of 9458?
4
What is the hundred thousands digit of 377616?
3
What is the millions digit of 2723738?
2
What is the hundreds digit of 6204425?
4
What is the units digit of 642459?
9
What is the millions digit of 1424913?
1
What is the ten thousands digit of 637662?
3
What is the thousands digit of 40476?
0
What is the tens digit of 1537545?
4
What is the thousands digit of 383311?
3
What is the thousands digit of 138622?
8
What is the thousands digit of 703905?
3
What is the hundreds digit of 31723?
7
What is the hundreds digit of 36095?
0
What is the hundred thousands digit of 250278?
2
What is the thousands digit of 246310?
6
What is the ten thousands digit of 307674?
0
What is the units digit of 9960?
0
What is the thousands digit of 201452?
1
What is the ten thousands digit of 6202598?
0
What is the hundred thousands digit of 6899106?
8
What is the tens digit of 8486051?
5
What is the hundreds digit of 4533114?
1
What is the hundreds digit of 73255?
2
What is the ten thousands digit of 11031561?
3
What is the ten thousands digit of 9982368?
8
What is the thousands digit of 1483258?
3
What is the units digit of 33128860?
0
What is the units digit of 719771?
1
What is the units digit of 3735?
5
What is the hundreds digit of 7375373?
3
What is the thousands digit of 23629380?
9
What is the tens digit of 165998?
9
What is the hundred thousands digit of 700355?
7
What is the ten thousands digit of 212028?
1
What is the ten thousands digit of 1197003?
9
What is the millions digit of 2820977?
2
What is the ten thousands digit of 877309?
7
What is the hundred thousands digit of 3150897?
1
What is the thousands digit of 3121166?
1
What is the hundred thousands digit of 4659604?
6
What is the hundreds digit of 71407?
4
What is the millions digit of 1020503?
1
What is the thousands digit of 76473?
6
What is the ten thousands digit of 1008332?
0
What is the millions digit of 1175319?
1
What is the millions digit of 2319067?
2
What is the hundred thousands digit of 2615297?
6
What is the ten thousands digit of 898540?
9
What is the hundred thousands digit of 5628574?
6
What is the tens digit of 7319852?
5
What is the units digit of 1693243?
3
What is the units digit of 3876029?
9
What is the millions digit of 6121385?
6
What is the units digit of 750086?
6
What is the ten thousands digit of 1536408?
3
What is the millions di